{"id":1855,"date":"2026-04-08T18:48:31","date_gmt":"2026-04-08T16:48:31","guid":{"rendered":"https:\/\/vswindhag.ac.at\/?page_id=1855"},"modified":"2026-04-08T18:49:47","modified_gmt":"2026-04-08T16:49:47","slug":"spass-am-eislaufplatz","status":"publish","type":"page","link":"https:\/\/vswindhag.ac.at\/index.php\/spass-am-eislaufplatz\/","title":{"rendered":"Spa\u00df am Eislaufplatz"},"content":{"rendered":"\t\t<div data-elementor-type=\"wp-page\" data-elementor-id=\"1855\" class=\"elementor elementor-1855\">\n\t\t\t\t<div class=\"elementor-element elementor-element-52ceea4d e-flex e-con-boxed e-con e-parent\" data-id=\"52ceea4d\" data-element_type=\"container\">\n\t\t\t\t\t<div class=\"e-con-inner\">\n\t\t\t\t<div class=\"elementor-element elementor-element-54ac1b46 elementor-widget elementor-widget-heading\" data-id=\"54ac1b46\" data-element_type=\"widget\" data-widget_type=\"heading.default\">\n\t\t\t\t<div class=\"elementor-widget-container\">\n\t\t\t\t\t<h1 class=\"elementor-heading-title elementor-size-default\">Spa\u00df am Eislaufplatz<\/h1>\t\t\t\t<\/div>\n\t\t\t\t<\/div>\n\t\t\t\t<div class=\"elementor-element elementor-element-1c2a295a elementor-widget elementor-widget-text-editor\" data-id=\"1c2a295a\" data-element_type=\"widget\" data-widget_type=\"text-editor.default\">\n\t\t\t\t<div class=\"elementor-widget-container\">\n\t\t\t\t\t\t\t\t\t<p>Zwei fr\u00f6hliche Stunden verbrachten wir im Februar gemeinsam am Eislaufplatz. Die Kinder hatten gro\u00dfe Freude auf dem Eis und zeigten viel Begeisterung beim Ausprobieren und Fahren. Begleitet wurden wir dabei von engagierten Eltern, die diesen Ausflug besonders sch\u00f6n machten.<\/p>\t\t\t\t\t\t\t\t<\/div>\n\t\t\t\t<\/div>\n\t\t\t\t<div class=\"elementor-element elementor-element-5b29c725 elementor-widget elementor-widget-shortcode\" data-id=\"5b29c725\" data-element_type=\"widget\" data-widget_type=\"shortcode.default\">\n\t\t\t\t<div class=\"elementor-widget-container\">\n\t\t\t\t\t\t\t<div class=\"elementor-shortcode\"><style>#jtg-1849 .modula-item .jtg-social a, .lightbox-socials.jtg-social a{ fill: #ffffff; color: #ffffff }#jtg-1849 .modula-item .jtg-social-mobile a{ fill: #ffffff; color: #ffffff }#jtg-1849 .modula-item .jtg-social svg, .lightbox-socials.jtg-social svg { height: 16px; width: 16px }#jtg-1849 .modula-item .jtg-social-mobile svg { height: 16px; width: 16px }#jtg-1849 .modula-item .jtg-social a:not(:last-child), .lightbox-socials.jtg-social a:not(:last-child) { margin-right: 10px }#jtg-1849 .modula-item .jtg-social-mobile .jtg-social-mobile-icons a:not(:last-child){ margin-right: 10px }#jtg-1849 .modula-item .figc {color:#ffffff;}#jtg-1849 .modula-item .figc .jtg-title {  font-size: 24px; }#jtg-1849 .modula-item .modula-item-content { transform: scale(1) }#jtg-1849 { width:100%;}#jtg-1849 .modula-items .figc p.description { font-size:16px; }#jtg-1849 .modula-items .figc p.description { color:#ffffff;}#jtg-1849 .modula-items .figc .jtg-title { color:#ffffff; }#jtg-1849.modula-gallery .modula-item > a, #jtg-1849.modula-gallery .modula-item, #jtg-1849.modula-gallery .modula-item-content > a:not(.modula-no-follow) { cursor:zoom-in; } #jtg-1849.modula-gallery .modula-item-content .modula-no-follow { cursor: default; } @media screen and (max-width:480px){#jtg-1849 .modula-item .figc .jtg-title {  font-size: 12px; }#jtg-1849 .modula-items .figc p.description { color:#ffffff;font-size:10px; }}<\/style>\n<div  id=\"jtg-1849\" class=\"modula modula-gallery modula-columns\" data-config=\"{&quot;tabletHeight&quot;:800,&quot;mobileHeight&quot;:800,&quot;desktopHeight&quot;:800,&quot;enableTwitter&quot;:false,&quot;enableWhatsapp&quot;:false,&quot;enableFacebook&quot;:false,&quot;enablePinterest&quot;:false,&quot;enableLinkedin&quot;:false,&quot;enableEmail&quot;:false,&quot;randomFactor&quot;:0.5,&quot;type&quot;:&quot;grid&quot;,&quot;columns&quot;:12,&quot;gutter&quot;:10,&quot;mobileGutter&quot;:10,&quot;tabletGutter&quot;:10,&quot;desktopGutter&quot;:10,&quot;enableResponsive&quot;:&quot;0&quot;,&quot;tabletColumns&quot;:2,&quot;mobileColumns&quot;:1,&quot;lazyLoad&quot;:true,&quot;lightboxOpts&quot;:{&quot;animated&quot;:true,&quot;Thumbs&quot;:{&quot;type&quot;:&quot;modern&quot;,&quot;showOnStart&quot;:false},&quot;Toolbar&quot;:{&quot;display&quot;:{&quot;right&quot;:[&quot;close&quot;]},&quot;enabled&quot;:true},&quot;Carousel&quot;:{&quot;Panzoom&quot;:{&quot;touch&quot;:false},&quot;infinite&quot;:false},&quot;keyboard&quot;:{&quot;Escape&quot;:&quot;close&quot;,&quot;Delete&quot;:&quot;close&quot;,&quot;Backspace&quot;:&quot;close&quot;,&quot;PageUp&quot;:false,&quot;PageDown&quot;:false,&quot;ArrowUp&quot;:false,&quot;ArrowDown&quot;:false,&quot;ArrowRight&quot;:false,&quot;ArrowLeft&quot;:false},&quot;touch&quot;:false,&quot;backdropClick&quot;:false,&quot;l10n&quot;:{&quot;CLOSE&quot;:&quot;Close&quot;,&quot;NEXT&quot;:&quot;Next&quot;,&quot;PREV&quot;:&quot;Previous&quot;,&quot;Error&quot;:&quot;The requested content cannot be loaded. Please try again later.&quot;,&quot;PLAY_START&quot;:&quot;Start slideshow&quot;,&quot;PLAY_STOP&quot;:&quot;Pause slideshow&quot;,&quot;FULL_SCREEN&quot;:&quot;Full screen&quot;,&quot;THUMBS&quot;:&quot;Thumbnails&quot;,&quot;DOWNLOAD&quot;:&quot;Download&quot;,&quot;SHARE&quot;:&quot;Share&quot;,&quot;ZOOM&quot;:&quot;Zoom&quot;,&quot;EMAIL&quot;:&quot;Here is the link to the image : %%image_link%% and this is the link to the gallery : %%gallery_link%%&quot;,&quot;MODAL&quot;:&quot;You can close this modal content with the ESC key&quot;,&quot;ERROR&quot;:&quot;Something Went Wrong, Please Try Again Later&quot;,&quot;IMAGE_ERROR&quot;:&quot;Image Not Found&quot;,&quot;ELEMENT_NOT_FOUND&quot;:&quot;HTML Element Not Found&quot;,&quot;AJAX_NOT_FOUND&quot;:&quot;Error Loading AJAX : Not Found&quot;,&quot;AJAX_FORBIDDEN&quot;:&quot;Error Loading AJAX : Forbidden&quot;,&quot;IFRAME_ERROR&quot;:&quot;Error Loading Page&quot;,&quot;TOGGLE_ZOOM&quot;:&quot;Toggle zoom level&quot;,&quot;TOGGLE_THUMBS&quot;:&quot;Toggle thumbnails&quot;,&quot;TOGGLE_SLIDESHOW&quot;:&quot;Toggle slideshow&quot;,&quot;TOGGLE_FULLSCREEN&quot;:&quot;Toggle full-screen mode&quot;},&quot;Images&quot;:{&quot;Panzoom&quot;:{&quot;maxScale&quot;:2}},&quot;mainClass&quot;:&quot;modula-fancybox-container modula-lightbox-jtg-1849&quot;,&quot;Html&quot;:{&quot;videoAutoplay&quot;:0,&quot;videoTpl&quot;:&quot;&lt;video class=\\&quot;fancybox__html5video\\&quot; controls muted playsinline controlsList controlsList=\\&quot;nodownload\\&quot; poster=\\&quot;{{poster}}\\&quot; src=\\&quot;{{src}}\\&quot; type=\\&quot;{{format}}\\&quot; &gt;  Sorry, your browser doesn&#039;t support embedded videos, &lt;a href=\\&quot;{{src}}\\&quot;&gt; download &lt;\\\/a&gt; and watch with your favorite video player! &lt;\\\/video&gt;&quot;}},&quot;inView&quot;:false,&quot;email_subject&quot;:&quot;Check out this awesome image !!&quot;,&quot;email_message&quot;:&quot;Here is the link to the image : %%image_link%% and this is the link to the gallery : %%gallery_link%%&quot;,&quot;grid_type&quot;:&quot;automatic&quot;,&quot;rowHeight&quot;:250,&quot;lastRow&quot;:&quot;justify&quot;,&quot;lightbox&quot;:&quot;fancybox&quot;}\">\n\n\t\n\t<div  class=\"modula-items grid-gallery\">\n\t\t<div class=\"modula-item effect-pufrobo\" >\n\t<div class=\"modula-item-overlay\"><\/div>\n\n\t<div class=\"modula-item-content\">\n\n\t\t\t\t\n\t\t\t\t\t<a data-image-id=\"1850\" data-elementor-open-lightbox=\"no\" tabindex=\"0\" rel=\"jtg-1849\" data-caption=\"\" aria-label=\"Open image in lightbox\" role=\"button\" class=\"tile-inner modula-item-link\"><\/a>\n\t\t\n\t\t<img fetchpriority=\"high\" class=\"pic wp-image-1850 lazyload\"  data-valign=\"middle\" data-halign=\"center\" alt=\"\" data-full=\"https:\/\/vswindhag.ac.at\/wp-content\/uploads\/2026\/04\/tempImage0X5Fbf.jpg\" title=\"tempImage0X5Fbf\" width=\"1500\" height=\"2000\" data-src=\"https:\/\/vswindhag.ac.at\/wp-content\/uploads\/2026\/04\/tempImage0X5Fbf-1500x2000.jpg\" data-caption=\"\" data-source=\"modula\" data-srcset=\"https:\/\/vswindhag.ac.at\/wp-content\/uploads\/2026\/04\/tempImage0X5Fbf-scaled.jpg 1920w, https:\/\/vswindhag.ac.at\/wp-content\/uploads\/2026\/04\/tempImage0X5Fbf-scaled-1500x2000.jpg 1500w, https:\/\/vswindhag.ac.at\/wp-content\/uploads\/2026\/04\/tempImage0X5Fbf-768x1024.jpg 768w, https:\/\/vswindhag.ac.at\/wp-content\/uploads\/2026\/04\/tempImage0X5Fbf-1152x1536.jpg 1152w, https:\/\/vswindhag.ac.at\/wp-content\/uploads\/2026\/04\/tempImage0X5Fbf-1536x2048.jpg 1536w\" data-sizes=\"(max-width: 1500px) 100vw, 1500px\" srcset=\"https:\/\/vswindhag.ac.at\/wp-content\/uploads\/2026\/04\/tempImage0X5Fbf-1500x2000.jpg 1500w, https:\/\/vswindhag.ac.at\/wp-content\/uploads\/2026\/04\/tempImage0X5Fbf-768x1024.jpg 768w, https:\/\/vswindhag.ac.at\/wp-content\/uploads\/2026\/04\/tempImage0X5Fbf-1152x1536.jpg 1152w, https:\/\/vswindhag.ac.at\/wp-content\/uploads\/2026\/04\/tempImage0X5Fbf-1536x2048.jpg 1536w, https:\/\/vswindhag.ac.at\/wp-content\/uploads\/2026\/04\/tempImage0X5Fbf-scaled.jpg 1920w\" sizes=\"(max-width: 1500px) 100vw, 1500px\" \/>\n\t\t<div class=\"figc no-description\">\n\t\t\t<div class=\"figc-inner\">\n\t\t\t\t\t\t\t\t\t\t\t\t\t\t\t<\/div>\n\t\t<\/div>\n\n\t<\/div>\n\n<\/div><div class=\"modula-item effect-pufrobo\" >\n\t<div class=\"modula-item-overlay\"><\/div>\n\n\t<div class=\"modula-item-content\">\n\n\t\t\t\t\n\t\t\t\t\t<a data-image-id=\"1851\" data-elementor-open-lightbox=\"no\" tabindex=\"0\" rel=\"jtg-1849\" data-caption=\"\" aria-label=\"Open image in lightbox\" role=\"button\" class=\"tile-inner modula-item-link\"><\/a>\n\t\t\n\t\t<img class=\"pic wp-image-1851 lazyload\"  data-valign=\"middle\" data-halign=\"center\" alt=\"\" data-full=\"https:\/\/vswindhag.ac.at\/wp-content\/uploads\/2026\/04\/tempImagefHhpeN.jpg\" title=\"tempImagefHhpeN\" width=\"1500\" height=\"2000\" data-src=\"https:\/\/vswindhag.ac.at\/wp-content\/uploads\/2026\/04\/tempImagefHhpeN-1500x2000.jpg\" data-caption=\"\" data-source=\"modula\" data-srcset=\"https:\/\/vswindhag.ac.at\/wp-content\/uploads\/2026\/04\/tempImagefHhpeN-scaled.jpg 1920w, https:\/\/vswindhag.ac.at\/wp-content\/uploads\/2026\/04\/tempImagefHhpeN-scaled-1500x2000.jpg 1500w, https:\/\/vswindhag.ac.at\/wp-content\/uploads\/2026\/04\/tempImagefHhpeN-768x1024.jpg 768w, https:\/\/vswindhag.ac.at\/wp-content\/uploads\/2026\/04\/tempImagefHhpeN-1152x1536.jpg 1152w, https:\/\/vswindhag.ac.at\/wp-content\/uploads\/2026\/04\/tempImagefHhpeN-1536x2048.jpg 1536w\" data-sizes=\"(max-width: 1500px) 100vw, 1500px\" srcset=\"https:\/\/vswindhag.ac.at\/wp-content\/uploads\/2026\/04\/tempImagefHhpeN-1500x2000.jpg 1500w, https:\/\/vswindhag.ac.at\/wp-content\/uploads\/2026\/04\/tempImagefHhpeN-768x1024.jpg 768w, https:\/\/vswindhag.ac.at\/wp-content\/uploads\/2026\/04\/tempImagefHhpeN-1152x1536.jpg 1152w, https:\/\/vswindhag.ac.at\/wp-content\/uploads\/2026\/04\/tempImagefHhpeN-1536x2048.jpg 1536w, https:\/\/vswindhag.ac.at\/wp-content\/uploads\/2026\/04\/tempImagefHhpeN-scaled.jpg 1920w\" sizes=\"(max-width: 1500px) 100vw, 1500px\" \/>\n\t\t<div class=\"figc no-description\">\n\t\t\t<div class=\"figc-inner\">\n\t\t\t\t\t\t\t\t\t\t\t\t\t\t\t<\/div>\n\t\t<\/div>\n\n\t<\/div>\n\n<\/div><div class=\"modula-item effect-pufrobo\" >\n\t<div class=\"modula-item-overlay\"><\/div>\n\n\t<div class=\"modula-item-content\">\n\n\t\t\t\t\n\t\t\t\t\t<a data-image-id=\"1852\" data-elementor-open-lightbox=\"no\" tabindex=\"0\" rel=\"jtg-1849\" data-caption=\"\" aria-label=\"Open image in lightbox\" role=\"button\" class=\"tile-inner modula-item-link\"><\/a>\n\t\t\n\t\t<img class=\"pic wp-image-1852 lazyload\"  data-valign=\"middle\" data-halign=\"center\" alt=\"\" data-full=\"https:\/\/vswindhag.ac.at\/wp-content\/uploads\/2026\/04\/tempImagevLjCjG.jpg\" title=\"tempImagevLjCjG\" width=\"1500\" height=\"2000\" data-src=\"https:\/\/vswindhag.ac.at\/wp-content\/uploads\/2026\/04\/tempImagevLjCjG-1500x2000.jpg\" data-caption=\"\" data-source=\"modula\" data-srcset=\"https:\/\/vswindhag.ac.at\/wp-content\/uploads\/2026\/04\/tempImagevLjCjG-scaled.jpg 1920w, https:\/\/vswindhag.ac.at\/wp-content\/uploads\/2026\/04\/tempImagevLjCjG-scaled-1500x2000.jpg 1500w, https:\/\/vswindhag.ac.at\/wp-content\/uploads\/2026\/04\/tempImagevLjCjG-768x1024.jpg 768w, https:\/\/vswindhag.ac.at\/wp-content\/uploads\/2026\/04\/tempImagevLjCjG-1152x1536.jpg 1152w, https:\/\/vswindhag.ac.at\/wp-content\/uploads\/2026\/04\/tempImagevLjCjG-1536x2048.jpg 1536w\" data-sizes=\"(max-width: 1500px) 100vw, 1500px\" srcset=\"https:\/\/vswindhag.ac.at\/wp-content\/uploads\/2026\/04\/tempImagevLjCjG-1500x2000.jpg 1500w, https:\/\/vswindhag.ac.at\/wp-content\/uploads\/2026\/04\/tempImagevLjCjG-768x1024.jpg 768w, https:\/\/vswindhag.ac.at\/wp-content\/uploads\/2026\/04\/tempImagevLjCjG-1152x1536.jpg 1152w, https:\/\/vswindhag.ac.at\/wp-content\/uploads\/2026\/04\/tempImagevLjCjG-1536x2048.jpg 1536w, https:\/\/vswindhag.ac.at\/wp-content\/uploads\/2026\/04\/tempImagevLjCjG-scaled.jpg 1920w\" sizes=\"(max-width: 1500px) 100vw, 1500px\" \/>\n\t\t<div class=\"figc no-description\">\n\t\t\t<div class=\"figc-inner\">\n\t\t\t\t\t\t\t\t\t\t\t\t\t\t\t<\/div>\n\t\t<\/div>\n\n\t<\/div>\n\n<\/div><div class=\"modula-item effect-pufrobo\" >\n\t<div class=\"modula-item-overlay\"><\/div>\n\n\t<div class=\"modula-item-content\">\n\n\t\t\t\t\n\t\t\t\t\t<a data-image-id=\"1854\" data-elementor-open-lightbox=\"no\" tabindex=\"0\" rel=\"jtg-1849\" data-caption=\"\" aria-label=\"Open image in lightbox\" role=\"button\" class=\"tile-inner modula-item-link\"><\/a>\n\t\t\n\t\t<img loading=\"lazy\" class=\"pic wp-image-1854 lazyload\"  data-valign=\"middle\" data-halign=\"center\" alt=\"\" data-full=\"https:\/\/vswindhag.ac.at\/wp-content\/uploads\/2026\/04\/tempImageXTbDI3.jpg\" title=\"tempImageXTbDI3\" width=\"2000\" height=\"1500\" data-src=\"https:\/\/vswindhag.ac.at\/wp-content\/uploads\/2026\/04\/tempImageXTbDI3-2000x1500.jpg\" data-caption=\"\" data-source=\"modula\" data-srcset=\"https:\/\/vswindhag.ac.at\/wp-content\/uploads\/2026\/04\/tempImageXTbDI3-scaled.jpg 2560w, https:\/\/vswindhag.ac.at\/wp-content\/uploads\/2026\/04\/tempImageXTbDI3-scaled-2000x1500.jpg 2000w, https:\/\/vswindhag.ac.at\/wp-content\/uploads\/2026\/04\/tempImageXTbDI3-768x576.jpg 768w, https:\/\/vswindhag.ac.at\/wp-content\/uploads\/2026\/04\/tempImageXTbDI3-1536x1152.jpg 1536w, https:\/\/vswindhag.ac.at\/wp-content\/uploads\/2026\/04\/tempImageXTbDI3-2048x1536.jpg 2048w\" data-sizes=\"(max-width: 2000px) 100vw, 2000px\" srcset=\"https:\/\/vswindhag.ac.at\/wp-content\/uploads\/2026\/04\/tempImageXTbDI3-2000x1500.jpg 2000w, https:\/\/vswindhag.ac.at\/wp-content\/uploads\/2026\/04\/tempImageXTbDI3-768x576.jpg 768w, https:\/\/vswindhag.ac.at\/wp-content\/uploads\/2026\/04\/tempImageXTbDI3-1536x1152.jpg 1536w, https:\/\/vswindhag.ac.at\/wp-content\/uploads\/2026\/04\/tempImageXTbDI3-2048x1536.jpg 2048w\" sizes=\"(max-width: 2000px) 100vw, 2000px\" \/>\n\t\t<div class=\"figc no-description\">\n\t\t\t<div class=\"figc-inner\">\n\t\t\t\t\t\t\t\t\t\t\t\t\t\t\t<\/div>\n\t\t<\/div>\n\n\t<\/div>\n\n<\/div>\t\t\n\t<\/div>\n\n\t\n\t\n\t<script type=\"application\/ld+json\">\n\t{\n\t\t\"@context\": \"http:\/\/schema.org\",\n\t\t\"@type\"   : \"ImageGallery\",\n\t\t\"id\"      : \"https:\/\/vswindhag.ac.at\/index.php\/spass-am-eislaufplatz\/\",\n\t\t\"url\"     : \"https:\/\/vswindhag.ac.at\/index.php\/spass-am-eislaufplatz\/\"\n\t}\n\n\t<\/script>\n\n\t\n<\/div><\/div>\n\t\t\t\t\t\t<\/div>\n\t\t\t\t<\/div>\n\t\t\t\t<div class=\"elementor-element elementor-element-4562b86 elementor-widget elementor-widget-button\" data-id=\"4562b86\" data-element_type=\"widget\" data-widget_type=\"button.default\">\n\t\t\t\t<div class=\"elementor-widget-container\">\n\t\t\t\t\t\t\t\t\t<div class=\"elementor-button-wrapper\">\n\t\t\t\t\t<a class=\"elementor-button elementor-button-link elementor-size-sm\" href=\"https:\/\/vswindhag.ac.at\/index.php\/schulleben\/\">\n\t\t\t\t\t\t<span class=\"elementor-button-content-wrapper\">\n\t\t\t\t\t\t\t\t\t<span class=\"elementor-button-text\">zur\u00fcck<\/span>\n\t\t\t\t\t<\/span>\n\t\t\t\t\t<\/a>\n\t\t\t\t<\/div>\n\t\t\t\t\t\t\t\t<\/div>\n\t\t\t\t<\/div>\n\t\t\t\t\t<\/div>\n\t\t\t\t<\/div>\n\t\t<div class=\"elementor-element elementor-element-1f1b8106 e-flex e-con-boxed e-con e-parent\" data-id=\"1f1b8106\" data-element_type=\"container\">\n\t\t\t\t\t<div class=\"e-con-inner\">\n\t\t\t\t\t<\/div>\n\t\t\t\t<\/div>\n\t\t\t\t<\/div>\n\t\t","protected":false},"excerpt":{"rendered":"<p>Spa\u00df am Eislaufplatz Zwei fr\u00f6hliche Stunden verbrachten wir im Februar gemeinsam am Eislaufplatz. Die Kinder hatten gro\u00dfe Freude auf dem Eis und zeigten viel Begeisterung beim Ausprobieren und Fahren. Begleitet [&hellip;]<\/p>\n","protected":false},"author":1,"featured_media":0,"parent":0,"menu_order":0,"comment_status":"closed","ping_status":"closed","template":"","meta":{"_EventAllDay":false,"_EventTimezone":"","_EventStartDate":"","_EventEndDate":"","_EventStartDateUTC":"","_EventEndDateUTC":"","_EventShowMap":false,"_EventShowMapLink":false,"_EventURL":"","_EventCost":"","_EventCostDescription":"","_EventCurrencySymbol":"","_EventCurrencyCode":"","_EventCurrencyPosition":"","_EventDateTimeSeparator":"","_EventTimeRangeSeparator":"","_EventOrganizerID":[],"_EventVenueID":[],"_OrganizerEmail":"","_OrganizerPhone":"","_OrganizerWebsite":"","_VenueAddress":"","_VenueCity":"","_VenueCountry":"","_VenueProvince":"","_VenueState":"","_VenueZip":"","_VenuePhone":"","_VenueURL":"","_VenueStateProvince":"","_VenueLat":"","_VenueLng":"","_VenueShowMap":false,"_VenueShowMapLink":false,"footnotes":""},"class_list":["post-1855","page","type-page","status-publish","hentry"],"_links":{"self":[{"href":"https:\/\/vswindhag.ac.at\/index.php\/wp-json\/wp\/v2\/pages\/1855","targetHints":{"allow":["GET"]}}],"collection":[{"href":"https:\/\/vswindhag.ac.at\/index.php\/wp-json\/wp\/v2\/pages"}],"about":[{"href":"https:\/\/vswindhag.ac.at\/index.php\/wp-json\/wp\/v2\/types\/page"}],"author":[{"embeddable":true,"href":"https:\/\/vswindhag.ac.at\/index.php\/wp-json\/wp\/v2\/users\/1"}],"replies":[{"embeddable":true,"href":"https:\/\/vswindhag.ac.at\/index.php\/wp-json\/wp\/v2\/comments?post=1855"}],"version-history":[{"count":4,"href":"https:\/\/vswindhag.ac.at\/index.php\/wp-json\/wp\/v2\/pages\/1855\/revisions"}],"predecessor-version":[{"id":1859,"href":"https:\/\/vswindhag.ac.at\/index.php\/wp-json\/wp\/v2\/pages\/1855\/revisions\/1859"}],"wp:attachment":[{"href":"https:\/\/vswindhag.ac.at\/index.php\/wp-json\/wp\/v2\/media?parent=1855"}],"curies":[{"name":"wp","href":"https:\/\/api.w.org\/{rel}","templated":true}]}}